{"id":1586,"date":"2024-04-10T07:41:53","date_gmt":"2024-04-10T07:41:53","guid":{"rendered":"https:\/\/www.academia-electronica.net\/?page_id=1586"},"modified":"2024-04-10T07:56:11","modified_gmt":"2024-04-10T07:56:11","slug":"pte-doswiadczenie-estetyczne-w-dobie-czwartej-rewolucji-przemyslowej-a-lek-technologiczny","status":"publish","type":"page","link":"https:\/\/www.academia-electronica.net\/?page_id=1586","title":{"rendered":"PTE &#8211; Do\u015bwiadczenie estetyczne w dobie czwartej rewolucji przemys\u0142owej a l\u0119k technologiczny"},"content":{"rendered":"<p>&nbsp;<\/p>\n<table style=\"width: 120.232%; height: 403px;\">\n<tbody>\n<tr style=\"height: 24px;\">\n<td style=\"width: 24.8387%; height: 24px;\">Wyk\u0142ad:<\/td>\n<td style=\"width: 95.0709%; height: 24px;\">Semianrium<\/td>\n<\/tr>\n<tr style=\"height: 129px;\">\n<td style=\"text-align: center; width: 24.8387%; height: 105px;\"><a href=\"http:\/\/www.academia-electronica.net\/wp-content\/uploads\/2024\/04\/PTE_Seminarium-_Szczecin_mail_l_szare-scaled.jpg\"><img loading=\"lazy\" class=\"alignnone wp-image-1584 size-medium\" src=\"http:\/\/www.academia-electronica.net\/wp-content\/uploads\/2024\/04\/PTE_Seminarium-_Szczecin_mail_l_szare-211x300.jpg\" alt=\"\" width=\"211\" height=\"300\" srcset=\"https:\/\/www.academia-electronica.net\/wp-content\/uploads\/2024\/04\/PTE_Seminarium-_Szczecin_mail_l_szare-211x300.jpg 211w, https:\/\/www.academia-electronica.net\/wp-content\/uploads\/2024\/04\/PTE_Seminarium-_Szczecin_mail_l_szare-719x1024.jpg 719w, https:\/\/www.academia-electronica.net\/wp-content\/uploads\/2024\/04\/PTE_Seminarium-_Szczecin_mail_l_szare-768x1094.jpg 768w, https:\/\/www.academia-electronica.net\/wp-content\/uploads\/2024\/04\/PTE_Seminarium-_Szczecin_mail_l_szare-1078x1536.jpg 1078w, https:\/\/www.academia-electronica.net\/wp-content\/uploads\/2024\/04\/PTE_Seminarium-_Szczecin_mail_l_szare-1437x2048.jpg 1437w, https:\/\/www.academia-electronica.net\/wp-content\/uploads\/2024\/04\/PTE_Seminarium-_Szczecin_mail_l_szare-scaled.jpg 1797w\" sizes=\"(max-width: 211px) 100vw, 211px\" \/><\/a><\/td>\n<td style=\"width: 95.0709%; height: 105px;\"><\/td>\n<\/tr>\n<tr style=\"height: 24px;\">\n<td style=\"width: 24.8387%; height: 24px;\">Organizator:<\/td>\n<td style=\"width: 95.0709%; height: 24px; text-align: justify;\"><a href=\"https:\/\/pte.uj.edu.pl\/\">Polskie Towarzystwo Estetyczne <\/a>i Academia Electronica w Spatial; w ramach mi\u0119dzynarodowego projektu \u201cHorizon\u201d<em> \u2013 <a href=\"https:\/\/www.caphe.space\/\" target=\"_blank\" rel=\"noopener\">The Communities and Artistic Participation in Hybrid Environments<\/a><\/em> (CAPHE)<\/td>\n<\/tr>\n<tr style=\"height: 63px;\">\n<td style=\"width: 24.8387%; height: 63px;\">Tytu\u0142:<\/td>\n<td style=\"width: 95.0709%; height: 63px; text-align: justify;\">Cykl seminari\u00f3w organizowanych przez <a href=\"https:\/\/pte.uj.edu.pl\/\" target=\"_blank\" rel=\"noopener\">Polskie Towarzystwo Estetyczne<\/a>, pod wsp\u00f3lnym tytu\u0142em <em>Do\u015bwiadczenie estetyczne w czasach Czwartej Rewolucji Przemys\u0142owej <\/em><\/td>\n<\/tr>\n<tr style=\"height: 24px;\">\n<td style=\"width: 24.8387%; height: 24px;\">Termin\/miejsce:<\/td>\n<td style=\"width: 95.0709%; height: 24px; text-align: justify;\">14.04.2024 &#8211; Wydzia\u0142 Architektury Zachodniopomorskiego Uniwersytetu Technologicznego w Szczecinie i Academia Electronica w Spatial<\/td>\n<\/tr>\n<tr style=\"height: 48px;\">\n<td style=\"width: 24.8387%; height: 22px;\">Prelegenci:<\/td>\n<td style=\"width: 95.0709%; height: 22px;\">dr hab. Aleksandra \u0141ukaszewicz &#8211; <em>s\u0142owo wst\u0119pne<\/em><\/p>\n<p>dr Joanna Szczepanik &#8211; <em>Od Hala 9000 do neoluddyzmu. Kto si\u0119 boi technologii?<\/em><\/p>\n<p>dr hab. Ewa W\u00f3jtowicz &#8211; <em>Chmura jako niewidoczna technologia: aspekty estetyczne, przestrzenne i afektywne<\/em><\/p>\n<p>dr Adrian Kvokacka &#8211; <em>\u017bycie na kraw\u0119dzi nowego: niepok\u00f3j i czwarta rewolucja przemys\u0142owa<\/em><\/p>\n<p>dr hab. Andreas Guskos &#8211; <em>Maszyna poetycka. Techne i Logos<\/em><\/p>\n<p>prof. dr hab. Zbigniew Roma\u0144czuk &#8211; <em>Dialog z AI: outsourcing kreatywno\u015bci<\/em><\/td>\n<\/tr>\n<tr style=\"height: 24px;\">\n<td style=\"width: 24.8387%; height: 24px;\">Tytu\u0142 seminarium:<\/td>\n<td style=\"width: 95.0709%; height: 24px; text-align: justify;\"><a href=\"http:\/\/www.academia-electronica.net\/wp-content\/uploads\/2024\/04\/PTE_Seminarium-_Szczecin_mail_l_szare.pdf\"><em>Do\u015bwiadczenie estetyczne w dobie czwartej rewolucji przemys\u0142owej a l\u0119k technologiczny<\/em><\/a><\/td>\n<\/tr>\n<tr style=\"height: 31px;\">\n<td style=\"width: 24.8387%; height: 21px;\">Film:<\/td>\n<td style=\"width: 95.0709%; height: 21px; text-align: center;\"><\/td>\n<\/tr>\n<tr style=\"height: 24px;\">\n<td style=\"width: 24.8387%; height: 24px;\">Nagranie audio:<\/td>\n<td style=\"width: 95.0709%; text-align: justify; height: 24px;\"><\/td>\n<\/tr>\n<tr style=\"height: 24px;\">\n<td style=\"width: 24.8387%; height: 24px;\">Linki:<\/td>\n<td style=\"width: 95.0709%; text-align: justify; height: 24px;\"><\/td>\n<\/tr>\n<tr style=\"height: 24px;\">\n<td style=\"width: 24.8387%; height: 24px;\">Prezentacja:<\/td>\n<td style=\"width: 95.0709%; text-align: center; height: 24px;\"><\/td>\n<\/tr>\n<tr style=\"height: 24px;\">\n<td style=\"width: 24.8387%; height: 24px;\">Zdj\u0119cia:<\/td>\n<td style=\"width: 95.0709%; text-align: center; height: 24px;\"><\/td>\n<\/tr>\n<\/tbody>\n<\/table>\n<p><a href=\"https:\/\/www.academia-electronica.net\/?page_id=551\">Powr\u00f3t<\/a><\/p>\n","protected":false},"excerpt":{"rendered":"<p>&nbsp; Wyk\u0142ad: Semianrium Organizator: Polskie Towarzystwo Estetyczne i Academia Electronica w Spatial; w ramach mi\u0119dzynarodowego projektu \u201cHorizon\u201d \u2013 The Communities and Artistic Participation in Hybrid Environments (CAPHE) Tytu\u0142: Cykl seminari\u00f3w organizowanych przez Polskie Towarzystwo Estetyczne, pod wsp\u00f3lnym tytu\u0142em Do\u015bwiadczenie estetyczne&hellip; <\/p>\n","protected":false},"author":3,"featured_media":0,"parent":0,"menu_order":0,"comment_status":"closed","ping_status":"closed","template":"","meta":[],"_links":{"self":[{"href":"https:\/\/www.academia-electronica.net\/index.php?rest_route=\/wp\/v2\/pages\/1586"}],"collection":[{"href":"https:\/\/www.academia-electronica.net\/index.php?rest_route=\/wp\/v2\/pages"}],"about":[{"href":"https:\/\/www.academia-electronica.net\/index.php?rest_route=\/wp\/v2\/types\/page"}],"author":[{"embeddable":true,"href":"https:\/\/www.academia-electronica.net\/index.php?rest_route=\/wp\/v2\/users\/3"}],"replies":[{"embeddable":true,"href":"https:\/\/www.academia-electronica.net\/index.php?rest_route=%2Fwp%2Fv2%2Fcomments&post=1586"}],"version-history":[{"count":6,"href":"https:\/\/www.academia-electronica.net\/index.php?rest_route=\/wp\/v2\/pages\/1586\/revisions"}],"predecessor-version":[{"id":1594,"href":"https:\/\/www.academia-electronica.net\/index.php?rest_route=\/wp\/v2\/pages\/1586\/revisions\/1594"}],"wp:attachment":[{"href":"https:\/\/www.academia-electronica.net\/index.php?rest_route=%2Fwp%2Fv2%2Fmedia&parent=1586"}],"curies":[{"name":"wp","href":"https:\/\/api.w.org\/{rel}","templated":true}]}}