{"id":1631,"date":"2024-05-26T10:51:49","date_gmt":"2024-05-26T10:51:49","guid":{"rendered":"https:\/\/www.academia-electronica.net\/?page_id=1631"},"modified":"2024-05-27T14:31:28","modified_gmt":"2024-05-27T14:31:28","slug":"pte-estetyczne-aspekty-sztucznej-inteligencji-a-przeobrazenia-wspolczesnej-praktyki-artystycznej","status":"publish","type":"page","link":"https:\/\/www.academia-electronica.net\/?page_id=1631","title":{"rendered":"PTE &#8211; Estetyczne aspekty sztucznej inteligencji a przeobra\u017cenia wsp\u00f3\u0142czesnej praktyki artystycznej"},"content":{"rendered":"<p>&nbsp;<\/p>\n<table style=\"width: 120.232%; height: 403px;\">\n<tbody>\n<tr style=\"height: 24px;\">\n<td style=\"width: 24.8387%; height: 24px;\">Wyk\u0142ad:<\/td>\n<td style=\"width: 95.0709%; height: 24px;\">Semianrium<\/td>\n<\/tr>\n<tr style=\"height: 129px;\">\n<td style=\"text-align: center; width: 24.8387%; height: 105px;\"><a href=\"http:\/\/www.academia-electronica.net\/wp-content\/uploads\/2024\/05\/Program-seminarium-seminarium-5.png\"><img loading=\"lazy\" class=\"alignnone size-medium wp-image-1648\" src=\"http:\/\/www.academia-electronica.net\/wp-content\/uploads\/2024\/05\/Program-seminarium-seminarium-5-212x300.png\" alt=\"\" width=\"212\" height=\"300\" srcset=\"https:\/\/www.academia-electronica.net\/wp-content\/uploads\/2024\/05\/Program-seminarium-seminarium-5-212x300.png 212w, https:\/\/www.academia-electronica.net\/wp-content\/uploads\/2024\/05\/Program-seminarium-seminarium-5-724x1024.png 724w, https:\/\/www.academia-electronica.net\/wp-content\/uploads\/2024\/05\/Program-seminarium-seminarium-5-768x1086.png 768w, https:\/\/www.academia-electronica.net\/wp-content\/uploads\/2024\/05\/Program-seminarium-seminarium-5-1086x1536.png 1086w, https:\/\/www.academia-electronica.net\/wp-content\/uploads\/2024\/05\/Program-seminarium-seminarium-5.png 1414w\" sizes=\"(max-width: 212px) 100vw, 212px\" \/><\/a><\/td>\n<td style=\"width: 95.0709%; height: 105px;\"><\/td>\n<\/tr>\n<tr style=\"height: 24px;\">\n<td style=\"width: 24.8387%; height: 24px;\">Organizator:<\/td>\n<td style=\"width: 95.0709%; height: 24px; text-align: justify;\"><a href=\"https:\/\/pte.uj.edu.pl\/\">Polskie Towarzystwo Estetyczne <\/a>i Academia Electronica w Spatial &#8211; w ramach mi\u0119dzynarodowego projektu \u201cHorizon\u201d<em> \u2013 <a href=\"https:\/\/www.caphe.space\/\" target=\"_blank\" rel=\"noopener\">The Communities and Artistic Participation in Hybrid Environments<\/a><\/em> (CAPHE)<\/td>\n<\/tr>\n<tr style=\"height: 63px;\">\n<td style=\"width: 24.8387%; height: 63px;\">Tytu\u0142:<\/td>\n<td style=\"width: 95.0709%; height: 63px; text-align: justify;\">Cykl seminari\u00f3w organizowanych przez <a href=\"https:\/\/pte.uj.edu.pl\/\" target=\"_blank\" rel=\"noopener\">Polskie Towarzystwo Estetyczne<\/a>, pod wsp\u00f3lnym tytu\u0142em <em>Do\u015bwiadczenie estetyczne w czasach Czwartej Rewolucji Przemys\u0142owej <\/em><\/td>\n<\/tr>\n<tr style=\"height: 24px;\">\n<td style=\"width: 24.8387%; height: 24px;\">Termin\/miejsce:<\/td>\n<td style=\"width: 95.0709%; height: 24px; text-align: justify;\">29.05.2024 &#8211; Instytut Kultury Europejskiej w Gnie\u017anie, Uniwersytet Adama Mickiewicza w Poznaniu\u00a0 i Academia Electronica w Spatial.<\/td>\n<\/tr>\n<tr style=\"height: 48px;\">\n<td style=\"width: 24.8387%; height: 22px;\">Prelegenci:<\/td>\n<td style=\"width: 95.0709%; height: 22px;\">dr hab. Aleksandra \u0141ukaszewicz &#8211; <em>s\u0142owo wst\u0119pne<\/em><\/p>\n<p style=\"text-align: justify;\">dr Sylwia Szykowna &#8211; <em>Nikomu nie zdradz\u0119 u\u017cytego promptu. Sztuka AI i antropocentryczny mit kreatywno\u015bci<\/em><\/p>\n<p style=\"text-align: justify;\">dr Aleksandra Binicewicz &#8211; <em>Rozmontowa\u0107 czarn\u0105 skrzynk\u0119 AI. O skuteczno\u015bci sztuki w przywracaniu symetrii przejrzysto\u015bci. <\/em><\/p>\n<p style=\"text-align: justify;\">Okr\u0105g\u0142y st\u00f3\u0142:<br \/>\nprof. dr hab. Beata Frydryczak, dr Aleksandra Binicewicz, dr Mieszko Ciesielski, dr Sylwia Szykowna<\/p>\n<\/td>\n<\/tr>\n<tr style=\"height: 24px;\">\n<td style=\"width: 24.8387%; height: 24px;\">Tytu\u0142 seminarium:<\/td>\n<td style=\"width: 95.0709%; height: 24px; text-align: justify;\"><a href=\"https:\/\/pte.uj.edu.pl\/?p=850\" target=\"_blank\" rel=\"noopener\"><em>Estetyczne aspekty sztucznej inteligencji a przeobra\u017cenia wsp\u00f3\u0142czesnej praktyki artystycznej<\/em><\/a><\/td>\n<\/tr>\n<tr style=\"height: 31px;\">\n<td style=\"width: 24.8387%; height: 21px;\">Film:<\/td>\n<td style=\"width: 95.0709%; height: 21px; text-align: center;\"><\/td>\n<\/tr>\n<tr style=\"height: 24px;\">\n<td style=\"width: 24.8387%; height: 24px;\">Nagranie audio:<\/td>\n<td style=\"width: 95.0709%; text-align: justify; height: 24px;\"><\/td>\n<\/tr>\n<tr style=\"height: 24px;\">\n<td style=\"width: 24.8387%; height: 24px;\">Linki:<\/td>\n<td style=\"width: 95.0709%; text-align: justify; height: 24px;\"><\/td>\n<\/tr>\n<tr style=\"height: 24px;\">\n<td style=\"width: 24.8387%; height: 24px;\">Prezentacja:<\/td>\n<td style=\"width: 95.0709%; text-align: center; height: 24px;\"><\/td>\n<\/tr>\n<tr style=\"height: 24px;\">\n<td style=\"width: 24.8387%; height: 24px;\">Zdj\u0119cia:<\/td>\n<td style=\"width: 95.0709%; text-align: center; height: 24px;\"><\/td>\n<\/tr>\n<\/tbody>\n<\/table>\n<p><a href=\"https:\/\/www.academia-electronica.net\/?page_id=551\">Powr\u00f3t<\/a><\/p>\n","protected":false},"excerpt":{"rendered":"<p>&nbsp; Wyk\u0142ad: Semianrium Organizator: Polskie Towarzystwo Estetyczne i Academia Electronica w Spatial &#8211; w ramach mi\u0119dzynarodowego projektu \u201cHorizon\u201d \u2013 The Communities and Artistic Participation in Hybrid Environments (CAPHE) Tytu\u0142: Cykl seminari\u00f3w organizowanych przez Polskie Towarzystwo Estetyczne, pod wsp\u00f3lnym tytu\u0142em Do\u015bwiadczenie&hellip; <\/p>\n","protected":false},"author":3,"featured_media":0,"parent":0,"menu_order":0,"comment_status":"closed","ping_status":"closed","template":"","meta":[],"_links":{"self":[{"href":"https:\/\/www.academia-electronica.net\/index.php?rest_route=\/wp\/v2\/pages\/1631"}],"collection":[{"href":"https:\/\/www.academia-electronica.net\/index.php?rest_route=\/wp\/v2\/pages"}],"about":[{"href":"https:\/\/www.academia-electronica.net\/index.php?rest_route=\/wp\/v2\/types\/page"}],"author":[{"embeddable":true,"href":"https:\/\/www.academia-electronica.net\/index.php?rest_route=\/wp\/v2\/users\/3"}],"replies":[{"embeddable":true,"href":"https:\/\/www.academia-electronica.net\/index.php?rest_route=%2Fwp%2Fv2%2Fcomments&post=1631"}],"version-history":[{"count":5,"href":"https:\/\/www.academia-electronica.net\/index.php?rest_route=\/wp\/v2\/pages\/1631\/revisions"}],"predecessor-version":[{"id":1652,"href":"https:\/\/www.academia-electronica.net\/index.php?rest_route=\/wp\/v2\/pages\/1631\/revisions\/1652"}],"wp:attachment":[{"href":"https:\/\/www.academia-electronica.net\/index.php?rest_route=%2Fwp%2Fv2%2Fmedia&parent=1631"}],"curies":[{"name":"wp","href":"https:\/\/api.w.org\/{rel}","templated":true}]}}