{"id":921,"date":"2023-04-08T23:20:49","date_gmt":"2023-04-08T23:20:49","guid":{"rendered":"https:\/\/www.academia-electronica.net\/?page_id=921"},"modified":"2023-07-07T11:39:20","modified_gmt":"2023-07-07T11:39:20","slug":"egzaminy-w-sieci","status":"publish","type":"page","link":"https:\/\/www.academia-electronica.net\/?page_id=921","title":{"rendered":"Egzaminy w sieci"},"content":{"rendered":"<hr \/>\n<table style=\"width: 100.166%; height: 227px;\" border=\"0\">\n<tbody>\n<tr style=\"height: 30px;\">\n<td style=\"height: 30px; width: 99.6689%;\" colspan=\"2\">\n<h4 style=\"text-align: center;\"><span style=\"font-size: 14pt;\">2022\/2023<\/span><\/h4>\n<\/td>\n<\/tr>\n<tr>\n<td style=\"width: 24.8344%;\">\n<h4><img loading=\"lazy\" class=\"size-medium wp-image-1051 alignnone\" src=\"http:\/\/www.academia-electronica.net\/wp-content\/uploads\/2023\/07\/Jan-Waligorski_Erytropoetyn-plakat-mag.-2023-300x169.png\" alt=\"\" width=\"300\" height=\"169\" srcset=\"https:\/\/www.academia-electronica.net\/wp-content\/uploads\/2023\/07\/Jan-Waligorski_Erytropoetyn-plakat-mag.-2023-300x169.png 300w, https:\/\/www.academia-electronica.net\/wp-content\/uploads\/2023\/07\/Jan-Waligorski_Erytropoetyn-plakat-mag.-2023-1024x576.png 1024w, https:\/\/www.academia-electronica.net\/wp-content\/uploads\/2023\/07\/Jan-Waligorski_Erytropoetyn-plakat-mag.-2023-768x432.png 768w, https:\/\/www.academia-electronica.net\/wp-content\/uploads\/2023\/07\/Jan-Waligorski_Erytropoetyn-plakat-mag.-2023-1536x864.png 1536w, https:\/\/www.academia-electronica.net\/wp-content\/uploads\/2023\/07\/Jan-Waligorski_Erytropoetyn-plakat-mag.-2023.png 1920w\" sizes=\"(max-width: 300px) 100vw, 300px\" \/><\/h4>\n<\/td>\n<td style=\"width: 74.8344%;\">\n<p style=\"text-align: center;\"><a href=\"https:\/\/www.academia-electronica.net\/?page_id=1054\" target=\"_blank\" rel=\"noopener\">Jan Walig\u00f3rski (RL) | Erytropoetyn (VR)<\/a><\/p>\n<p style=\"text-align: center;\">Egzamin magisterski:<\/p>\n<p style=\"text-align: center;\"><em>Umys\u0142 uciele\u015bniony, ale w kt\u00f3rym ciele? Analiza wirtualnego uciele\u015bnienia<\/em><\/p>\n<p style=\"text-align: center;\">5.07.2023<i><br \/>\n<\/i><\/p>\n<\/td>\n<\/tr>\n<tr>\n<td style=\"width: 24.8344%;\">\n<h4><a href=\"http:\/\/www.academia-electronica.net\/wp-content\/uploads\/2023\/04\/Marta-Sicinska-plakat.jpg\"><img loading=\"lazy\" class=\"size-medium wp-image-946 alignnone\" src=\"http:\/\/www.academia-electronica.net\/wp-content\/uploads\/2023\/04\/Marta-Sicinska-plakat-300x169.jpg\" alt=\"\" width=\"300\" height=\"169\" srcset=\"https:\/\/www.academia-electronica.net\/wp-content\/uploads\/2023\/04\/Marta-Sicinska-plakat-300x169.jpg 300w, https:\/\/www.academia-electronica.net\/wp-content\/uploads\/2023\/04\/Marta-Sicinska-plakat-1024x576.jpg 1024w, https:\/\/www.academia-electronica.net\/wp-content\/uploads\/2023\/04\/Marta-Sicinska-plakat-768x432.jpg 768w, https:\/\/www.academia-electronica.net\/wp-content\/uploads\/2023\/04\/Marta-Sicinska-plakat.jpg 1280w\" sizes=\"(max-width: 300px) 100vw, 300px\" \/><\/a><\/h4>\n<\/td>\n<td style=\"width: 74.8344%;\">\n<p style=\"text-align: center;\"><a href=\"https:\/\/www.academia-electronica.net\/?page_id=926\" target=\"_blank\" rel=\"noopener\">Marta Sici\u0144ska (RL) | TheaFelicitatis (SL)<\/a><\/p>\n<p style=\"text-align: center;\">Egzamin licencjacki:<\/p>\n<p style=\"text-align: center;\"><em>Prze\u017cycie religijne w aspekcie przestrzennym. Bezpo\u015brednia oraz zapo\u015bredniczona obecno\u015b\u0107 w obrz\u0119dach wyznania katolickiego<\/em>.<\/p>\n<p style=\"text-align: center;\">30.09.2022<i>\u00a0<\/i><\/p>\n<\/td>\n<\/tr>\n<tr>\n<td style=\"width: 24.8344%;\"><\/td>\n<td style=\"width: 74.8344%;\"><\/td>\n<\/tr>\n<tr style=\"height: 31px;\">\n<td style=\"width: 99.6689%; text-align: center; height: 31px;\" colspan=\"2\">\n<h4><span style=\"font-size: 14pt;\">2021\/2022 <\/span><\/h4>\n<\/td>\n<\/tr>\n<tr style=\"height: 165px;\">\n<td style=\"width: 99.6689%; text-align: center; height: 10px;\" colspan=\"2\"><\/td>\n<\/tr>\n<\/tbody>\n<\/table>\n<p>&nbsp;<\/p>\n<p>&nbsp;<\/p>\n","protected":false},"excerpt":{"rendered":"<p>2022\/2023 Jan Walig\u00f3rski (RL) | Erytropoetyn (VR) Egzamin magisterski: Umys\u0142 uciele\u015bniony, ale w kt\u00f3rym ciele? Analiza wirtualnego uciele\u015bnienia 5.07.2023 Marta Sici\u0144ska (RL) | TheaFelicitatis (SL) Egzamin licencjacki: Prze\u017cycie religijne w aspekcie przestrzennym. Bezpo\u015brednia oraz zapo\u015bredniczona obecno\u015b\u0107 w obrz\u0119dach wyznania katolickiego.&hellip; <\/p>\n","protected":false},"author":3,"featured_media":0,"parent":0,"menu_order":0,"comment_status":"closed","ping_status":"closed","template":"","meta":[],"_links":{"self":[{"href":"https:\/\/www.academia-electronica.net\/index.php?rest_route=\/wp\/v2\/pages\/921"}],"collection":[{"href":"https:\/\/www.academia-electronica.net\/index.php?rest_route=\/wp\/v2\/pages"}],"about":[{"href":"https:\/\/www.academia-electronica.net\/index.php?rest_route=\/wp\/v2\/types\/page"}],"author":[{"embeddable":true,"href":"https:\/\/www.academia-electronica.net\/index.php?rest_route=\/wp\/v2\/users\/3"}],"replies":[{"embeddable":true,"href":"https:\/\/www.academia-electronica.net\/index.php?rest_route=%2Fwp%2Fv2%2Fcomments&post=921"}],"version-history":[{"count":16,"href":"https:\/\/www.academia-electronica.net\/index.php?rest_route=\/wp\/v2\/pages\/921\/revisions"}],"predecessor-version":[{"id":1058,"href":"https:\/\/www.academia-electronica.net\/index.php?rest_route=\/wp\/v2\/pages\/921\/revisions\/1058"}],"wp:attachment":[{"href":"https:\/\/www.academia-electronica.net\/index.php?rest_route=%2Fwp%2Fv2%2Fmedia&parent=921"}],"curies":[{"name":"wp","href":"https:\/\/api.w.org\/{rel}","templated":true}]}}